 1312 + -2229. Let k = -987 + 2467. Let c = k + f. Is c a prime number?
True
Suppose 4*d - 6 = -4*o + 22, -o - 11 = -2*d. Let r be (1 - -3)*8/8*1. Suppose 4*s = -r*p + 4176, d*p - 20 = 2*p. Is s prime?
True
Let f(y) = -y + 16. Let q = -15 - -29. Let h be f(q). Suppose -h*r + 2*c + 104 = 0, c + 12 = -3*r + 148. Is r prime?
True
Let g = 105 - -1180. Is g prime?
False
Suppose 0 = -5*y - 4*l + 2, -3*y = -2*l - 10. Suppose 0*t = -y*t. Suppose t = 7*r - 2*r - 1705. Is r prime?
False
Let v be (-1 + 1)/(-7 + 9). Suppose -f + x + 4049 = v, -3*f - x + 12131 = -0*x. Is f a prime number?
False
Let o be 3/(-6) + 158*(-52)/(-16). Let q = o - 250. Is q a composite number?
False
Let s(n) = 4241*n**2 - 34*n - 122. Is s(-5) a composite number?
True
Let g(i) = 2*i**3 + 5*i**2 - 5*i + 3. Let o(k) = -3*k**3 - 9*k**2 + 9*k - 5. Let x(d) = -5*g(d) - 3*o(d). Let a be x(2). Is ((a - 0) + 3)*-19 composite?
False
Let u = -3269 + 9592. Is u prime?
True
Let q(o) = -17*o - 1. Let t(u) = -86*u - 6. Suppose 2*r - i = -2, -r - 2*r + 5*i + 4 = 0. Let d(b) = r*t(b) + 11*q(b). Is d(-2) a composite number?
False
Suppose i - 380 = 582. Suppose 6*w = -7*w + i. Is w a prime number?
False
Let z(v) = 73*v - 168. Is z(17) composite?
True
Let f(r) = 16*r + 3. Let l be f(4). Let c = l + -35. Let b = 53 - c. Is b prime?
False
Let r(p) = 105*p**2 - 3*p + 5. Is r(9) a prime number?
False
Suppose 34 = -0*q - 2*q. Let y(v) = 8*v**3 + 12*v**2 - 9*v + 26. Let l(w) = -3*w**3 - 4*w**2 + 3*w - 9. Let x(i) = q*l(i) - 6*y(i). Is x(5) composite?
True
Let p be 0 + 3 - 12/(-1). Suppose p*w - 237 = 12*w. Is w composite?
False
Let x = -1299 - -5259. Let a = x - 2563. Is a composite?
True
Suppose -t = 5*n + 71219, -5*n - 2*t = t + 71227. Let a = -4656 - n. Is a a prime number?
True
Is (146/(-73))/((-4)/14242) composite?
False
Let z be (-16)/28 - 4*15/42. Is (913 + -15)*(-1)/z a composite number?
False
Let i be 15 + (0 + -7 - -4). Let z = 91 + i. Is z prime?
True
Suppose 4*z - r = 691, -r + 738 = 5*z - 128. Suppose -w - 4*k + z = 0, -w = -8*k + 4*k - 149. Is w a prime number?
False
Let z = -261 - -1220. Is z a prime number?
False
Suppose 661 + 62 = r. Suppose 142 = u - 3*k, -4*u + 2*k = u - r. Is u a prime number?
False
Let f(s) = -s**2 + 5*s + 23. Let w be f(22). Let l = w + 742. Is l a composite number?
True
Let y = -40129 - -56216. Is y a prime number?
True
Is (-100371)/((45/90)/(2/(-12))) composite?
False
Suppose 5*q = -5*k + 32590, -2*q + k = -7*q + 32606. Suppose -9*x + q = -3*x. Is x a composite number?
False
Suppose h - 3*m - 15 = -0*m, 2*h = 2*m + 26. Suppose 1587 = -h*s + 15*s. Is s composite?
True
Let g = -1609 + 4428. Is g a prime number?
True
Let t(n) = n**3 - 7*n**2 + 6*n - 5. Let k be t(6). Let r = k - -9. Is (-94)/((-1)/2*r) a prime number?
True
Let v = 62 + -244. Let d be 13*2/4*-42. Let o = v - d. Is o prime?
False
Let d(t) = 2*t - 11. Let v be d(7). Suppose 781 = 5*r - 3*g, g = -v*r - g + 480. Is r prime?
False
Is (-29*7 + 2)*(-831)/9 a prime number?
False
Let n be -1189 + 8/(-4)*(-3)/2. Let o = -533 - n. Is o a composite number?
False
Let x(k) = 4*k**2 - 22*k + 9. Suppose -5*b = 2 - 57. Is x(b) prime?
True
Let p be 9/3 - 1831*-2. Suppose -7*o + 2*o = -p. Is o composite?
False
Suppose -3*u - 22 = -3*h + 26, 28 = 3*h + 2*u. Suppose -17*q + h*q + 3695 = 0. Is q a prime number?
True
Let a(y) = 19*y**2 - 10*y. Let l be a(3). Suppose 0 = -3*f + 2*f. Suppose s = -f*s + l. Is s composite?
True
Suppose d - 3*d + 3*z = -93, 2*d - 5*z - 95 = 0. Suppose 0 = 2*s - 3*s - d. Is 51172/60 - 6/s prime?
True
Suppose 12 = -4*x, x = 3*a - 2 - 1. Suppose 0 = y - 3*k - a*k - 920, 0 = -5*k - 5. Is y a composite number?
True
Let i be 30/4*(-32)/(-20). Let z be 48/(-9) - 8/i. Is (-3)/z - (-129)/6 composite?
True
Let t(h) = -h**2 - 6*h + 34. Let n be t(-10). Let z(m) = -4*m**3 + 3*m**2 - 4*m + 13. Is z(n) composite?
False
Is 16910/(-76)*(-188)/10 composite?
True
Let w = -27 + 24. Let n(b) = -3*b - 6. Let i be n(w). Is 0 + -4 + i + 635 composite?
True
Let l = 8393 - -1220. Is l prime?
True
Let c(x) = -877*x - 14. Is c(-13) a composite number?
True
Suppose 476 = -25*b + 21*b. Let h = b + 222. Is h composite?
False
Let l(y) = 1318*y - 171. Is l(34) a composite number?
False
Let l(o) = 108*o - 1. Let i = 3 + -3. Suppose i = 5*g - 7 - 3. Is l(g) a prime number?
False
Suppose -4*f - t + 14 = 0, 2*f - 9 = -5*t + 7. Suppose -g + 0*g = -f*w + 2394, 784 = w - 5*g. Is w prime?
False
Let f = -21 - -23. Let i be -140 - (-2 + f + 2). Let r = 365 + i. Is r prime?
True
Suppose 0 = 4*z + 20, 5*w - 164 = 5*z + 41. Suppose 2*h + w - 1018 = 0. Is h a composite number?
False
Let h be 3187/2*(2 + 0). Suppose 3*d - h = 2246. Is d prime?
True
Let l(h) = -17*h**2 + h**3 - 17 - 2*h + 10*h - 3*h**3. Is l(-12) composite?
True
Let d(a) = a**3 + 8*a**2 - 41*a + 10. Is d(-7) a prime number?
False
Let x be (4 + -6)/(2/213). Let l = x + 355. Is l a prime number?
False
Suppose -94049 = -4*h + p, -12*p + 15*p = 2*h - 47017. Is h composite?
True
Let q be 47/(((-6)/7)/6). Let m = -135 - q. Is m a composite number?
True
Let w = 11 - 7. Suppose i = 2*r + 1469, -2159 = -w*i + r + 3745. Is i composite?
True
Let w be 2*-10*2/(-8). Let l(s) = 41*s - 6. Is l(w) a composite number?
False
Let p(w) = 65*w**2 - 4*w - 2. Let m be p(-4). Suppose 1225 + 656 = 3*i. Let o = m - i. Is o a prime number?
False
Let r = -31 + 47. Let i = r - 11. Is 370*(3 - i/2) a composite number?
True
Let f be -6*8/30*-5. Let y = f + -3. Suppose -y*c + 3*h = -c - 178, -c - h + 48 = 0. Is c prime?
False
Let d(x) = -x**2 + 2*x + 3. Let n be d(3). Suppose -3*l + 2*l = n. Suppose z + 3*u - 83 = 0, l = z - 4*z + u + 289. Is z a prime number?
False
Let y(w) = 3*w**2 + 6*w + 16. Let z be y(-12). Suppose z = a - 393. Is a a prime number?
True
Let c(j) = j - 4*j + 2*j + 129. Let b = 27 - 27. Is c(b) a prime number?
False
Let u = 512 - 932. Let l = 820 + u. Let r = -206 + l. Is r a composite number?
True
Let g(l) = 410*l**3 - 1. Let j = 8 + -2. Suppose 0 = -y - x - 0*x + j, 2*y - 3*x + 13 = 0. Is g(y) a prime number?
True
Let t(s) = s**3 - 8*s**2 - 6*s + 22. Is t(14) a composite number?
True
Suppose 0 = 3*l - f + 1300, -2*l - 4*f = -6*l - 1728. Let d = -271 - l. Is d a composite number?
False
Let x = -122 - -333. Is x composite?
False
Let j(x) = 1009*x**2 + 25*x - 181. Is j(6) prime?
True
Suppose -2*i = -5*i + 63777. Is i prime?
False
Let z(v) = 33*v - 11. Is z(1) prime?
False
Let l(r) = r**3 - 8*r**2 + r - 10. Let x be l(8). Let v be -5*((-6)/(-5))/x. Suppose 30 = -k + v*k. Is k a composite number?
True
Let s = -361 + 612. Is s composite?
False
Let m = 30231 - 10884. Is m a composite number?
True
Let f(g) be the second derivative of 67*g**3/3 - 3*g**2/2 - g. Let u = 115 + -113. Is f(u) prime?
False
Let w be (1 - -1)/1 + 1459. Suppose -w + 93 = t. Let p = 2003 + t. Is p composite?
True
Suppose -3*l + 4 = -5*z - 39, 4*z = -4*l + 100. Suppose l*s = 30*s - 2979. Is s prime?
True
Suppose -3*u = -3*r + 4782, 3*u + 1596 = r + 4*u. Let d = r + -858. Is d a composite number?
True
Suppose 3*y - 7 = 2. Let o be ((-29 - y)/(-4))/1. Suppose 7 = -5*l - o, -2*r = -2*l - 292. Is r composite?
True
Let i be (-16)/20 - (-1)/(-5). Is i*(-722 + 15/5) a composite number?
False
Let z be (-4)/(-5)*(-10)/(-2). Let c = z - 0. Suppose -c*q + 620 = 48. Is q a prime number?
False
Let v(t) = 5077*t**3 - t**2 - t + 2. Is v(1) composite?
False
Suppose 3*x + 2*c = 55, -5*c = -2*x + 5 - 0. Is x composite?
True
Suppose 0 = -4*o + 83 + 109. Suppose 3*v = 2*v + o. Suppose -4*y + 214 = 2*g, -g + v + 56 = 5*y. Is g a prime number?
True
Let f(u) be the first derivative of u**6/120 - 7*u**5/60 + u**4/24 - 5*u**3/6 - 2*u**2 - 5. Let o(y) be the second derivative of f(y). Is o(10) composite?
True
Suppose -23*j = 32*j - 47795. Is j composite?
True
Suppose 0 = -8*y + 30*y - 95194. Is y prime?
True
Let g(j) = 317*j - 17. Let w be g(11). Suppose 5*a + 1075 = -5*s + w, s + 1449 = 3*a. Is a a prime number?
False
Let k = -298 + -50. Let a be (30/(-40))/(1/k). Let w = -179 + a. Is w composite?
True
Let d be -4 - 0 - (12/4 - 7). Suppose -6*z + 11*z - 8185 = d. Is z prime?
True
Let v = -8 - -10. Suppose 5*y - 1250 = 5*c, y = -0*y + v*c + 249. Is y a composite number?
False
Suppose -4*d + 22 = 2*u, 4*u - 20 - 4 = -4*d. Let w(p) = 13*p + 1. I